 highest common divisor of 5808 and 84371606?
242
Calculate the highest common divisor of 42721128 and 54.
54
What is the highest common divisor of 13528147 and 4518?
251
Calculate the highest common divisor of 387096 and 2460.
12
Calculate the highest common divisor of 83664 and 200424.
168
Calculate the greatest common factor of 254559170 and 92.
46
What is the highest common factor of 37928 and 3492824?
3448
What is the highest common factor of 60921415 and 965?
965
What is the highest common divisor of 9120289 and 913?
83
Calculate the greatest common factor of 75 and 440190.
15
What is the highest common divisor of 96954718 and 350?
14
Calculate the highest common factor of 7446000 and 448512.
3504
What is the greatest common divisor of 131771406 and 598?
26
What is the greatest common factor of 125951481 and 155?
31
Calculate the highest common divisor of 8341647 and 87.
87
Calculate the greatest common factor of 2674392 and 88.
8
What is the highest common divisor of 783 and 38640731?
29
What is the highest common divisor of 149414440 and 420?
140
Calculate the greatest common factor of 7709174 and 418.
418
What is the greatest common divisor of 1230564 and 336?
12
Calculate the highest common divisor of 5593557 and 3963171.
5127
What is the greatest common divisor of 104 and 12360946?
26
What is the greatest common divisor of 1608 and 38278038?
402
Calculate the highest common divisor of 1686 and 37757127.
843
Calculate the greatest common factor of 19838 and 362534.
218
What is the highest common divisor of 9199518 and 36372?
2598
What is the highest common factor of 1224 and 1553526504?
1224
Calculate the highest common factor of 824 and 265823739.
103
What is the highest common divisor of 96943006 and 3122?
446
Calculate the greatest common divisor of 34641 and 4023.
27
Calculate the greatest common divisor of 837 and 522842931.
837
Calculate the highest common factor of 26 and 5551923.
13
Calculate the highest common factor of 2098 and 44069539.
1049
What is the greatest common factor of 552806 and 12366?
458
What is the greatest common divisor of 602 and 1917678?
14
Calculate the greatest common divisor of 1792 and 384704.
64
What is the highest common divisor of 2483920 and 160?
80
Calculate the greatest common divisor of 63053 and 30940.
17
What is the greatest common divisor of 37308 and 2106?
6
What is the greatest common divisor of 319704 and 26026?
154
What is the greatest common divisor of 132790 and 120638?
98
Calculate the highest common divisor of 20 and 1195820.
20
Calculate the highest common divisor of 2209314 and 67968.
354
Calculate the highest common divisor of 158491368 and 24.
24
Calculate the greatest common divisor of 2547207 and 9477.
1053
What is the greatest common factor of 38 and 25105251?
19
Calculate the highest common factor of 228792 and 696.
24
What is the highest common factor of 131719108 and 96372?
10708
What is the highest common factor of 23720 and 3756080?
40
Calculate the greatest common factor of 8595 and 8865.
45
What is the highest common divisor of 82869 and 12502410?
3603
Calculate the greatest common divisor of 700717304 and 2672.
1336
What is the greatest common divisor of 33486 and 2847?
3
What is the greatest common factor of 2052 and 13227876?
684
What is the highest common factor of 1535938 and 106426?
254
Calculate the highest common factor of 272 and 463097.
17
What is the highest common divisor of 17329 and 162409?
403
What is the highest common divisor of 309012930 and 270?
90
Calculate the highest common divisor of 10608 and 323408.
272
Calculate the highest common factor of 18382 and 168236306.
1414
Calculate the greatest common factor of 9686264 and 1784.
8
What is the highest common factor of 96 and 20066280?
24
Calculate the greatest common factor of 13685952 and 12.
12
Calculate the highest common factor of 4355 and 6068257.
871
What is the highest common factor of 5916 and 48156?
12
What is the highest common factor of 124423388 and 110092?
6476
Calculate the greatest common factor of 1222618 and 3054.
1018
Calculate the greatest common factor of 646027692 and 8754.
8754
What is the greatest common factor of 172704 and 7280553?
5397
What is the greatest common divisor of 440734 and 574?
14
What is the greatest common divisor of 271456 and 104992?
544
What is the greatest common divisor of 8944360 and 400?
40
Calculate the greatest common factor of 1267077 and 525.
21
Calculate the greatest common divisor of 274587961 and 9154.
4577
Calculate the highest common factor of 656 and 586912.
16
What is the highest common factor of 71 and 3248006541?
71
Calculate the highest common factor of 158 and 44562320.
158
Calculate the greatest common divisor of 18886 and 12311411.
133
What is the highest common factor of 119108 and 7348?
44
What is the greatest common factor of 406 and 11293499?
203
What is the highest common divisor of 1251 and 4789245?
417
What is the greatest common factor of 256530 and 2388747?
1509
What is the greatest common factor of 276228 and 3210?
6
Calculate the greatest common divisor of 1861442 and 633.
211
Calculate the highest common factor of 303696 and 259296.
1776
Calculate the greatest common factor of 134638790 and 5005.
715
What is the highest common divisor of 4320 and 3697440?
480
What is the greatest common divisor of 3460 and 965355916?
692
Calculate the highest common divisor of 600901 and 434.
7
What is the greatest common divisor of 445 and 218763513?
89
Calculate the greatest common factor of 24 and 58342296.
24
Calculate the highest common divisor of 10022820 and 480.
60
What is the highest common factor of 1852 and 13157534?
926
What is the highest common factor of 535299642 and 27162?
9054
What is the greatest common divisor of 261 and 958682?
29
Calculate the highest common factor of 13067 and 148628.
73
What is the highest common divisor of 118424268 and 36?
36
Calculate the greatest common factor of 7579 and 7758829.
689
Calculate the greatest common factor of 15 and 246801855.
15
What is the highest common divisor of 640 and 3646270?
10
What is the greatest common divisor of 7984440 and 15?
15
What is the highest common factor of 657 and 30026360?
73
What is the greatest common factor of 1618610 and 47120?
190
Calculate the highest common divisor of 3548656 and 233356.
1028
Calculate the greatest common divisor of 22209 and 181853349.
2019
What is the greatest common divisor of 49 and 190920366?
49
What is the highest common factor of 4475 and 288700?
25
What is the highest common factor of 332 and 13056149?
83
Calculate the greatest common factor of 7808 and 4814242.
122
Calculate the greatest common factor of 66401 and 35397.
23
What is the greatest common factor of 3267704 and 14058?
1562
Calculate the highest common factor of 126 and 34544398.
14
What is the greatest common divisor of 8181029 and 119?
17
What is the highest common factor of 209 and 76308617?
209
Calculate the highest common factor of 11290353 and 3218.
1609
Calculate the highest common divisor of 75 and 21084453.
3
What is the highest common factor of 105434819 and 15333?
5111
What is the highest common divisor of 36204 and 636?
12
Calculate the highest common divisor of 8022 and 59332.
14
What is the greatest common divisor of 645431612 and 4508?
644
What is the greatest common divisor of 277269 and 53418?
87
Calculate the greatest common divisor of 15321654 and 36.
18
What is the greatest common factor of 268 and 6368551?
67
What is the highest common factor of 4794433 and 318?
53
What is the greatest common divisor of 30 and 20371062?
6
What is the highest common divisor of 690515 and 84889?
1267
What is the greatest common divisor of 27 and 39149433?
27
What is the highest common divisor of 8844 and 80124?
132
What is the highest common divisor of 110 and 5450203?
11
Calculate the greatest common factor of 61680043 and 8165.
1633
Calculate the highest common factor of 467610 and 256230.
390
What is the greatest common factor of 117269290 and 50?
10
What is the greatest common divisor of 216433 and 97069?
343
Calculate the highest common factor of 532 and 31192.
28
What is the greatest common divisor of 98609 and 9359?
7
Calculate the highest common factor 